ors of 2664340.
2, 5, 7, 19031
List the prime factors of 324296.
2, 7, 5791
List the prime factors of 167109.
3, 53, 1051
What are the prime factors of 319000?
2, 5, 11, 29
What are the prime factors of 190457?
73, 2609
List the prime factors of 128826.
2, 3, 17, 421
What are the prime factors of 747581?
83, 9007
List the prime factors of 132556.
2, 31, 1069
List the prime factors of 144967.
144967
What are the prime factors of 28097968?
2, 173, 10151
List the prime factors of 1106564.
2, 17, 16273
List the prime factors of 7607765.
5, 11, 138323
What are the prime factors of 11646523?
7, 1663789
List the prime factors of 2073092.
2, 7, 1511
What are the prime factors of 758725?
5, 11, 31, 89
What are the prime factors of 5785189?
31, 186619
What are the prime factors of 13030483?
17, 29, 26431
List the prime factors of 202065.
3, 5, 19, 709
List the prime factors of 905093.
7, 239, 541
What are the prime factors of 11365415?
5, 2273083
What are the prime factors of 1421380?
2, 5, 71069
List the prime factors of 601354.
2, 13, 101, 229
What are the prime factors of 508082?
2, 254041
List the prime factors of 32434.
2, 16217
List the prime factors of 411099.
3, 13, 83, 127
List the prime factors of 8233508.
2, 17, 121081
What are the prime factors of 43749866?
2, 31, 705643
List the prime factors of 175599.
3, 109, 179
List the prime factors of 8111294.
2, 4055647
What are the prime factors of 15808104?
2, 3, 13, 16889
What are the prime factors of 345215?
5, 13, 47, 113
List the prime factors of 1092396.
2, 3, 91033
List the prime factors of 1829922.
2, 3, 113, 2699
List the prime factors of 156595.
5, 31319
List the prime factors of 2446062.
2, 3, 17, 23981
What are the prime factors of 668998?
2, 11, 47, 647
List the prime factors of 313419.
3, 104473
What are the prime factors of 2165877?
3, 7, 31, 1109
List the prime factors of 4295741.
29, 167, 887
List the prime factors of 2390018.
2, 647, 1847
What are the prime factors of 3278154?
2, 3, 11, 49669
List the prime factors of 3953949.
3, 563, 2341
What are the prime factors of 359236?
2, 89809
What are the prime factors of 1719165?
3, 5, 7, 2339
List the prime factors of 3421988.
2, 359, 2383
What are the prime factors of 16404176?
2, 1025261
What are the prime factors of 2610750?
2, 3, 5, 59
What are the prime factors of 1157556?
2, 3, 19, 5077
What are the prime factors of 5011921?
709, 7069
List the prime factors of 9921961.
7, 28927
What are the prime factors of 970085?
5, 194017
List the prime factors of 1834593.
3, 611531
What are the prime factors of 10121392?
2, 17, 127, 293
List the prime factors of 4566.
2, 3, 761
List the prime factors of 229290.
2, 3, 5, 7643
List the prime factors of 2788198.
2, 7, 23, 1237
What are the prime factors of 2024311?
43, 179, 263
What are the prime factors of 543702?
2, 3, 90617
List the prime factors of 4539053.
337, 13469
List the prime factors of 806578.
2, 403289
What are the prime factors of 2576980?
2, 5, 7, 79, 233
What are the prime factors of 1118631?
3, 372877
What are the prime factors of 680215?
5, 136043
What are the prime factors of 535891?
17, 29, 1087
What are the prime factors of 274898?
2, 13, 97, 109
What are the prime factors of 3197797?
3197797
What are the prime factors of 320817?
3, 7, 15277
What are the prime factors of 9529989?
3, 7, 31, 14639
What are the prime factors of 504367?
23, 21929
What are the prime factors of 4168176?
2, 3, 86837
List the prime factors of 93313.
11, 17, 499
What are the prime factors of 592423?
13, 199, 229
List the prime factors of 224999.
71, 3169
What are the prime factors of 905074?
2, 452537
List the prime factors of 39948673.
373, 107101
List the prime factors of 1478986.
2, 739493
What are the prime factors of 610376?
2, 13, 5869
List the prime factors of 401164.
2, 100291
What are the prime factors of 4978457?
11, 452587
List the prime factors of 443476.
2, 11, 10079
List the prime factors of 306580.
2, 5, 15329
What are the prime factors of 544537?
7, 11113
List the prime factors of 9702559.
19, 29, 17609
What are the prime factors of 139363?
7, 43, 463
What are the prime factors of 2001621?
3, 23, 29009
What are the prime factors of 272313?
3, 79, 383
What are the prime factors of 4710048?
2, 3, 7, 43, 163
What are the prime factors of 2858064?
2, 3, 11, 5413
What are the prime factors of 4130056?
2, 7, 73751
What are the prime factors of 396265?
5, 41, 1933
List the prime factors of 137792.
2, 2153
What are the prime factors of 15284391?
3, 5094797
What are the prime factors of 15532945?
5, 67, 199, 233
List the prime factors of 4195199.
31, 135329
List the prime factors of 447174.
2, 3, 7, 13
List the prime factors of 86523.
3, 151, 191
List the prime factors of 3327807.
3, 7, 107, 1481
List the prime factors of 984851.
7, 101, 199
List the prime factors of 466360.
2, 5, 89, 131
What are the prime factors of 29755635?
3, 5, 7, 13, 21799
What are the prime factors of 5021044?
2, 7, 103, 1741
What are the prime factors of 9397373?
139, 67607
What are the prime factors of 1090755?
3, 5, 24239
List the prime factors of 1009062.
2, 3, 61, 919
What are the prime factors of 383686?
2, 19, 23, 439
What are the prime factors of 766360?
2, 5, 7, 17, 23
What are the prime factors of 30744?
2, 3, 7, 61
List the prime factors of 380462.
2, 181, 1051
What are the prime factors of 674917?
17, 29, 37
What are the prime factors of 612122?
2, 7, 23, 1901
What are the prime factors of 12382795?
5, 31, 79889
What are the prime factors of 208278?
2, 3, 7, 19, 29
What are the prime factors of 947183?
947183
List the prime factors of 2735024.
2, 47, 3637
List the prime factors of 3801498.
2, 3, 633583
What are the prime factors of 371349?
3, 11, 31
List the prime factors of 17988016.
2, 1124251
List the prime factors of 2706029.
2706029
List the prime factors of 233290.
2, 5, 41, 569
What are the prime factors of 434859?
3, 43, 3371
What are the prime factors of 5020489?
5020489
What are the prime factors of 16370?
2, 5, 1637
What are the prime factors of 306442?
2, 17, 9013
What are the prime factors of 9121820?
2, 5, 456091
List the prime factors of 227395.
5, 7, 73, 89
List the prime factors of 133421.
101, 1321
List the prime factors of 8281195.
5, 13, 127403
List the prime factors of 10740856.
2, 7, 191801
What are the prime factors of 4603486?
2, 2301743
List the prime factors of 96403.
149, 647
What are the prime factors of 309630?
2, 3, 5, 10321
List the prime factors of 4464048.
2, 3, 93001
What are the prime factors of 3294220?
2, 5, 19, 8669
What are the prime factors of 947228?
2, 236807
List the prime factors of 13028.
2, 3257
What are the prime factors of 1739970?
2, 3, 5, 19333
What are the prime factors of 964445?
5, 192889
What are the prime factors of 1892050?
2, 5, 79, 479
List the prime factors of 139396.
2, 34849
What are the prime factors of 218179?
13, 1291
List the prime factors of 42183035.
5, 17, 23, 21577
List the prime factors of 2781356.
2, 61, 11399
List the prime factors of 4010840.
2, 5, 100271
What are the prime factors of 3570637?
7, 47, 10853
What are the prime factors of 2163934?
2, 461, 2347
List the prime factors of 1118495.
5, 7, 31957
What are the prime factors of 22116887?
13, 1701299
List the prime factors of 390131.
7, 55733
List the prime factors of 1319739.
3, 103, 4271
What are the prime factors of 4376288?
2, 7, 2791
What are the prime factors of 2270074?
2, 347, 3271
What are the prime factors of 1657?
1657
What are the prime factors of 817924?
2, 204481
List the prime factors of 5693077.
13, 29, 15101
List the prime factors of 236594.
2, 118297
List the prime factors of 452808.
2, 3, 19, 331
What are the prime factors of 684011?
283, 2417
List the prime factors of 110714.
2, 197, 281
What are the prime factors of 1723376?
2, 19, 5669
List the prime factors of 1309040.
2, 5, 16363
What are the prime factors of 79799?
199, 401
What are the prime factors of 203750?
2, 5, 163
List the prime factors of 437272.
2, 11, 4969
What are the prime factors of 172442?
2, 151, 571
List the prime factors of 90294.
2, 3, 101, 149
What are the prime factors of 1942769?
19, 102251
What are the prime factors of 119190?
2, 3, 5, 29, 137
What are the prime factors of 4318023?